ime number?
False
Let f(r) = r + 1. Let i(d) = -17*d**2 - 9*d - 39. Let y(u) = -f(u) - i(u). Is y(-9) a prime number?
False
Let v(b) = 89*b - 29. Let g be v(13). Suppose -g = q - 11707. Is q prime?
False
Let t = 19 - -19. Suppose 7*c - t = -5*x + 3*c, 2 = 2*x - 5*c. Is (-79)/1*(x - 7) a prime number?
True
Let c = 230648 + -114925. Is c prime?
False
Let c(a) = 2315*a**2 - 52*a + 304. Is c(5) composite?
True
Let t(g) = -5*g - 2. Let j be t(-1). Suppose 0 = -s + k - 1079, -j*s + k = -s + 2158. Let z = -334 - s. Is z a prime number?
False
Let v(a) = 322*a**2 - 6*a + 1. Let s be v(-2). Suppose -5*j = -s - 2209. Suppose 5*o + j = -i + 3*i, 3*o - 1378 = -4*i. Is i prime?
False
Suppose 233609 = 5*y + 2*v, 3*y = -2*v + 26452 + 113711. Is y composite?
False
Suppose -5*d + 0*d = -2*j - 13, 4*j = 4. Let p(w) = 165*w**2 - w - 1. Let h be p(d). Suppose 0 = -5*y - 4*n + h, -3*y - 5*n = -4*y + 273. Is y prime?
True
Let p = 306 + -866. Let a = -129 - p. Is a prime?
True
Let g(n) = 175*n**2 + 110*n - 7. Let w be g(-2). Let h be (2 - 0)*2*104. Let s = h + w. Is s a prime number?
False
Let v be (68/12 - -1)/((-10)/(-15)). Suppose -v*w = 22*w - 616288. Is w composite?
False
Let g(y) = 2310*y**2 - 325*y - 4274. Is g(-13) prime?
False
Let r(p) = 2 + 42*p - 3 + 285*p. Let w be r(5). Suppose -204 = -2*m + w. Is m a composite number?
False
Let x = 262 + -729. Is -66 - x - (2 + -2 - -4) prime?
True
Let f = -677 + 677. Suppose f*k - 314 = -4*j - 3*k, -2 = -k. Is j a composite number?
True
Let s(i) = i**3 - 5*i**2 + 14*i - 35. Let p = -83 - -99. Let y be s(p). Is (y/4)/1 - 17/68 a prime number?
True
Let y(c) = -100*c**3 - 23*c**2 - 17*c - 243. Is y(-20) a prime number?
True
Let v be (45 - 47)*(-70)/(-4). Is ((-115580)/v)/((-185)/(-35) + -5) prime?
False
Let n(g) = g**3 + 30*g**2 + 77*g - 31. Let q be 216/(-9)*1 + (0 - -1). Is n(q) composite?
False
Let t(j) = 7*j**2 + 14*j - 95. Suppose 4*c - 3 - 28 = -5*s, -2*s + 2*c = -16. Is t(s) a composite number?
True
Suppose -6 = 8*u + 10. Let c be u*3 - (5 - 7). Is 290 - ((-6 - c) + 3) composite?
True
Suppose -6*m = 8*m + 224. Is 3/6 - 113096/m prime?
True
Let i be (-12)/(-10)*(-450)/27. Let j(g) be the second derivative of g**4/12 - 4*g**3/3 - 9*g**2/2 + 2*g. Is j(i) prime?
False
Let n = -1312 - -303. Let l = -2046 - n. Let x = -426 - l. Is x prime?
False
Let s(o) = -4*o - 9. Let l(z) = -12*z - 26. Let c(b) = 3*l(b) - 8*s(b). Let t be c(-3). Suppose 0*i + 2814 = t*i. Is i a prime number?
False
Let w(l) = -l**3 + 91*l**2 - 22*l - 354. Is w(85) composite?
True
Let n(k) be the second derivative of 283*k**3/6 - 28*k. Let a be n(2). Suppose -5*p + a = -2*l + 8684, -p = 4*l - 16192. Is l prime?
True
Let d(q) be the third derivative of 12*q**2 + 0 + 35/6*q**3 + 0*q - 13/24*q**4. Is d(-12) prime?
True
Let w(j) = 6612*j + 8. Let v be w(-1). Is v/4*-4 + -5 prime?
True
Let g be (11 - 2)*-3*(-2)/18. Let q(k) = 944*k**2 - 3*k + 4. Is q(g) a prime number?
False
Suppose 290192 = -7*h + 15*h. Suppose 4*a - 72548 = -5*y, -a + h = a - 3*y. Is a a prime number?
False
Let d = 9116 + -6357. Is d composite?
True
Suppose -l = -8*l - 35. Let w be (-3 + 1)/((-1)/l). Is (-29805)/(-75) + 4/w composite?
False
Suppose c + 187 = 5*j - 164, 0 = -c + 2*j - 339. Let q = 2108 + c. Is q composite?
False
Let h(c) = 460*c**3 - 16*c**2 + 30*c - 47. Is h(5) prime?
True
Let b(s) = 86*s**2 - 5*s + 3. Let d be b(1). Suppose 4*j + d - 48 = 0. Is 488 - 3/j*(-5 - 4) a prime number?
False
Let n = 2340 - 4519. Let x = n - -4570. Is x composite?
True
Suppose 93*b - 5237425 + 1239448 = 0. Is b a prime number?
True
Let q = -16358 + 23104. Let m = q + -1960. Is m a composite number?
True
Let x = 1535 + -344. Suppose l - 4779 = 4*q, q + 2*l - l = -x. Let r = -613 - q. Is r a composite number?
True
Is (-82408018)/(-121)*(-2)/(-4 - 0) a prime number?
False
Is -10 + (17 - (-20 - 327980)) a composite number?
False
Suppose -4*z = 5*m - 66190, 27*z = 4*m + 24*z - 52952. Is m composite?
True
Let t be (-15)/((-210)/28) - (-1 - -3). Suppose t = -5*m + 3*m + 4, -5*m = -5*b + 29385. Is b composite?
False
Let t be (11 + -9)/(16/(-8)). Let d(l) = 697*l**2 - 5*l - 1. Is d(t) prime?
True
Let x be (-22)/(-6) - (-7)/21 - 11340. Is 216/(-324) + x/(-3) a prime number?
False
Let r(d) = 116*d**3 - d**2 + 2*d - 7. Suppose -4*y + o = -11, y + 3*o + 7 = -0*o. Is r(y) a prime number?
False
Let i = -695 - -8693. Suppose 169*j + i = 175*j. Is j a prime number?
False
Suppose 0 = -47*h + 50*h, -h = -3*c + 18136 + 15773. Is c a prime number?
False
Let w be 16/(-4) + (-2 - -2) + -6. Let s(z) = -68*z - 25. Let x(p) = p. Let i(f) = s(f) + 2*x(f). Is i(w) composite?
True
Is ((-175666)/2)/((-2)/7*(-504)/(-144)) a prime number?
True
Let w = 147534 + -95431. Is w composite?
False
Let n(x) = x**3 + 1. Let f(c) = 4*c**3 - 8*c**2 + 7*c - 3. Let t(u) = -f(u) + 3*n(u). Let z be t(7). Suppose z*m + 2*m - 1112 = 0. Is m composite?
False
Suppose 3*o = 2*x - 67392, -3*x + 57999 = -5*o - 54321. Let g = o + 31975. Is g composite?
False
Let i = 19602 + 15709. Is i composite?
False
Let t = -30870 - -37579. Is t composite?
False
Let a(g) = g**2 - 2*g + 2619. Let t be a(0). Suppose 8*r - t = 2957. Is r composite?
True
Is ((-738)/12)/(-1 + 394220/394280) a composite number?
True
Let j = -4691 + 64368. Is j prime?
False
Let l(b) = 31*b**3 - 2*b - 1. Let r be (-12)/3*2/(-2). Let g be l(r). Let t = 3030 - g. Is t a composite number?
True
Let b = -4 - -10. Let j(l) = -9*l**2 - l + 5. Let x(h) = 17*h**2 + 2*h - 9. Let v(c) = b*x(c) + 11*j(c). Is v(9) prime?
False
Let l be ((-18)/4)/((-6)/4). Let a(y) = 225*y - 2. Is a(l) composite?
False
Let l(q) = 92*q**2 - 242*q - 267. Is l(-64) composite?
False
Let w be 2 + (62*11 - -2). Let s(i) = i**3 + 24*i**2 + 101*i - 9. Let x be s(-20). Let o = x + w. Is o a prime number?
True
Let r(m) = 27032*m - 1919. Is r(5) a prime number?
True
Suppose 2*w + 4*j - 3067866 = 0, 10*w + 5*j - 20531995 + 5192560 = 0. Is w a composite number?
False
Let s(z) = 2*z**3 + 27*z**2 + 811*z - 151. Is s(48) prime?
True
Suppose 4*k = -3*f + 16, -8*k + 27 = -3*k + 2*f. Let r be (-4)/(8/(-14) + (-3)/k). Suppose -4*q = v - r*v + 4219, -v = -q - 1407. Is v prime?
True
Suppose -3 + 11 = 4*p. Is p/(-3)*9 - -4412 a composite number?
True
Let t = 27608 - -52211. Is t composite?
True
Suppose 5*w + 0*m + 78 = -3*m, 5*w - 2*m + 98 = 0. Is (-3)/((w/4904)/((-72)/(-48))) prime?
False
Suppose 4*w - 3*w = -5. Let j(k) = -4*k**3 + 3*k**2 + 2*k - 2. Let z be j(w). Suppose -u = -4*y + z, -4*y - 2*u + 366 = -200. Is y prime?
False
Let x(z) be the third derivative of -1/4*z**4 + 41/20*z**5 - 11/6*z**3 + 7*z**2 + 0 + 0*z. Is x(-3) prime?
False
Let d(i) = i**3 - 80*i**2 + 442*i + 158. Let k be d(74). Suppose -2*l + 4*l - 3*u = 10365, 2*u - 10350 = -2*l. Suppose 16*v = k*v + l. Is v a composite number?
False
Suppose 0 = -4*r + 5*v - 116, 10*v - 64 = 2*r + 6*v. Let x(p) = 10*p**2 - 25*p - 37. Is x(r) composite?
False
Is (-2120939)/(-8) - (-19 + 1*(-930)/(-48)) a composite number?
False
Suppose 2955 + 43 = d. Let l = d - -31. Is l composite?
True
Let u be 2/(36/15 - (1 + 1)). Suppose 742 = w + u*n - 2*n, -4*w + 5*n = -2917. Let z = 1610 - w. Is z a prime number?
True
Let o = 389610 - -237361. Is o composite?
True
Suppose -24*g = -21*g - 62235. Suppose 26890 = 5*f - g. Suppose 4*r - f = -3*r. Is r a composite number?
False
Let q(y) = 5*y**3 - 31*y**2 + 27*y + 2. Let h(z) = 14*z**3 - 92*z**2 + 81*z + 7. Let p(k) = -6*h(k) + 17*q(k). Is p(-13) prime?
True
Let b be (-53 - -9)/(-3*(-2)/(-3)). Suppose b = 4*f + x, -2*f + 6*x = 8*x - 14. Suppose 2*d + f*j = 538, d + 0*d - 255 = j. Is d composite?
True
Let h = 227 + 97. Suppose -5*w = -n + 7084, 2*n = -5*w + 14447 - h. Is n prime?
True
Let t = -2 + 8. Suppose 3850 = t*p - 11*p. Let r = -269 - p. Is r a composite number?
True
Let x be 12963/21 + 3/(-21)*2. Let d = -110 + x. Suppose 184 = z - d. Is z a composite number?
False
Let t = 83825 - 19362. Is t prime?
False
Suppose -629*g + 646424 = -625*g. Is g composite?
True
Let y(q) = -252*q + 1138. Is y(-24) a prime number?
False
Let i be (4/10)/(74/555). Suppose 5*h = q - 1536, 0 = -i*q - 4*h - h + 4588. Is q a prime number?
True
Suppose 3*f = -4*b + 122, -50 = f - 2*f + b. Suppose 2*m + 4 = 5*z - 13, 4*m + 2*z = -f. Is -1*((-2)/(-6))/(m/20823) prime?
Tru